{"id":107,"date":"2024-01-09T14:39:38","date_gmt":"2024-01-09T07:39:38","guid":{"rendered":"https:\/\/mau1.hoabinhweb.com\/quatang1\/?page_id=107"},"modified":"2024-01-09T14:39:38","modified_gmt":"2024-01-09T07:39:38","slug":"thanh-tich-noi-bat","status":"publish","type":"page","link":"https:\/\/mau1.hoabinhweb.com\/quatang1\/thanh-tich-noi-bat\/","title":{"rendered":"Th\u00e0nh t\u00edch n\u1ed5i b\u1eadt"},"content":{"rendered":"<p>Sau 5 n\u0103m h\u00ecnh th\u00e0nh v\u00e0 ph\u00e1t tri\u1ec3n, v\u1edbi t\u01b0 duy s\u00e1ng t\u1ea1o v\u00e0 n\u1ed7 l\u1ef1c kh\u00f4ng ng\u1eebng, V\u1ee5n Art\u00a0\u0111\u00e3 b\u00e1n h\u00e0ng ch\u1ee5c ngh\u00ecn s\u1ea3n ph\u1ea9m, bao g\u1ed3m t\u00fai tote, \u00e1o s\u01a1 mi v\u00e0 tranh \u1ea3nh cho kh\u00e1ch h\u00e0ng c\u00e1 nh\u00e2n c\u0169ng nh\u01b0 c\u00e1c doanh nghi\u1ec7p v\u00e0 t\u1ed5 ch\u1ee9c l\u1edbn, bao g\u1ed3m: \u0110\u1ea1i s\u1ee9 qu\u00e1n Hoa K\u1ef3 t\u1ea1i Vi\u1ec7t Nam, \u0110\u1ea1i h\u1ecdc Ngo\u1ea1i th\u01b0\u01a1ng v\u00e0 B\u1ea3o t\u00e0ng C\u00e0 ph\u00ea Th\u1ebf gi\u1edbi.<\/p>\n<p>Vun Art c\u0169ng t\u1ef1 h\u00e0o gi\u00e0nh \u0111\u01b0\u1ee3c nh\u1eefng gi\u1ea3i th\u01b0\u1edfng danh gi\u00e1 cho m\u00f4 h\u00ecnh doanh nghi\u1ec7p x\u00e3 h\u1ed9i b\u1ec1n v\u1eefng. Ngo\u00e0i ra, Vun Art r\u1ea5t vinh d\u1ef1 \u0111\u01b0\u1ee3c trao t\u1eb7ng s\u1ea3n ph\u1ea9m c\u1ee7a m\u00ecnh cho c\u00e1c nh\u00e0 l\u00e3nh \u0111\u1ea1o t\u1ea1i Vi\u1ec7t Nam v\u00e0 tr\u00ean to\u00e0n th\u1ebf gi\u1edbi.<\/p>\n<p><img loading=\"lazy\" decoding=\"async\" class=\"aligncenter size-full wp-image-111\" src=\"http:\/\/mau1.hoabinhweb.com\/quatang1\/wp-content\/uploads\/2024\/01\/ttnb.jpg\" alt=\"Ttnb\" width=\"800\" height=\"2000\" \/><\/p>\n","protected":false},"excerpt":{"rendered":"<p>Sau 5 n\u0103m h\u00ecnh th\u00e0nh v\u00e0 ph\u00e1t tri\u1ec3n, v\u1edbi t\u01b0 duy s\u00e1ng t\u1ea1o v\u00e0 n\u1ed7 l\u1ef1c kh\u00f4ng ng\u1eebng, V\u1ee5n Art\u00a0\u0111\u00e3 b\u00e1n h\u00e0ng ch\u1ee5c ngh\u00ecn s\u1ea3n ph\u1ea9m, bao g\u1ed3m t\u00fai tote, \u00e1o s\u01a1 mi v\u00e0 tranh \u1ea3nh cho kh\u00e1ch h\u00e0ng c\u00e1 nh\u00e2n c\u0169ng nh\u01b0 c\u00e1c doanh nghi\u1ec7p v\u00e0 t\u1ed5 ch\u1ee9c l\u1edbn, bao g\u1ed3m: \u0110\u1ea1i s\u1ee9 qu\u00e1n<\/p>\n","protected":false},"author":1,"featured_media":0,"parent":0,"menu_order":0,"comment_status":"closed","ping_status":"closed","template":"","meta":{"footnotes":""},"class_list":["post-107","page","type-page","status-publish","hentry"],"yoast_head":"<!-- This site is optimized with the Yoast SEO plugin v21.7 - https:\/\/yoast.com\/wordpress\/plugins\/seo\/ -->\n<title>Th\u00e0nh t\u00edch n\u1ed5i b\u1eadt - V\u1ee5n Art<\/title>\n<meta name=\"robots\" content=\"noindex, follow, max-snippet:-1, max-image-preview:large, max-video-preview:-1\" \/>\n<meta property=\"og:locale\" content=\"vi_VN\" \/>\n<meta property=\"og:type\" content=\"article\" \/>\n<meta property=\"og:title\" content=\"Th\u00e0nh t\u00edch n\u1ed5i b\u1eadt - V\u1ee5n Art\" \/>\n<meta property=\"og:description\" content=\"Sau 5 n\u0103m h\u00ecnh th\u00e0nh v\u00e0 ph\u00e1t tri\u1ec3n, v\u1edbi t\u01b0 duy s\u00e1ng t\u1ea1o v\u00e0 n\u1ed7 l\u1ef1c kh\u00f4ng ng\u1eebng, V\u1ee5n Art\u00a0\u0111\u00e3 b\u00e1n h\u00e0ng ch\u1ee5c ngh\u00ecn s\u1ea3n ph\u1ea9m, bao g\u1ed3m t\u00fai tote, \u00e1o s\u01a1 mi v\u00e0 tranh \u1ea3nh cho kh\u00e1ch h\u00e0ng c\u00e1 nh\u00e2n c\u0169ng nh\u01b0 c\u00e1c doanh nghi\u1ec7p v\u00e0 t\u1ed5 ch\u1ee9c l\u1edbn, bao g\u1ed3m: \u0110\u1ea1i s\u1ee9 qu\u00e1n\" \/>\n<meta property=\"og:url\" content=\"https:\/\/mau1.hoabinhweb.com\/quatang1\/thanh-tich-noi-bat\/\" \/>\n<meta property=\"og:site_name\" content=\"V\u1ee5n Art\" \/>\n<meta property=\"og:image\" content=\"http:\/\/mau1.hoabinhweb.com\/quatang1\/wp-content\/uploads\/2024\/01\/ttnb.jpg\" \/>\n<meta name=\"twitter:card\" content=\"summary_large_image\" \/>\n<meta name=\"twitter:label1\" content=\"\u01af\u1edbc t\u00ednh th\u1eddi gian \u0111\u1ecdc\" \/>\n\t<meta name=\"twitter:data1\" content=\"1 ph\u00fat\" \/>\n<script type=\"application\/ld+json\" class=\"yoast-schema-graph\">{\"@context\":\"https:\/\/schema.org\",\"@graph\":[{\"@type\":\"WebPage\",\"@id\":\"https:\/\/mau1.hoabinhweb.com\/quatang1\/thanh-tich-noi-bat\/\",\"url\":\"https:\/\/mau1.hoabinhweb.com\/quatang1\/thanh-tich-noi-bat\/\",\"name\":\"Th\u00e0nh t\u00edch n\u1ed5i b\u1eadt - V\u1ee5n Art\",\"isPartOf\":{\"@id\":\"https:\/\/mau1.hoabinhweb.com\/quatang1\/#website\"},\"datePublished\":\"2024-01-09T07:39:38+00:00\",\"dateModified\":\"2024-01-09T07:39:38+00:00\",\"breadcrumb\":{\"@id\":\"https:\/\/mau1.hoabinhweb.com\/quatang1\/thanh-tich-noi-bat\/#breadcrumb\"},\"inLanguage\":\"vi\",\"potentialAction\":[{\"@type\":\"ReadAction\",\"target\":[\"https:\/\/mau1.hoabinhweb.com\/quatang1\/thanh-tich-noi-bat\/\"]}]},{\"@type\":\"BreadcrumbList\",\"@id\":\"https:\/\/mau1.hoabinhweb.com\/quatang1\/thanh-tich-noi-bat\/#breadcrumb\",\"itemListElement\":[{\"@type\":\"ListItem\",\"position\":1,\"name\":\"Trang ch\u1ee7\",\"item\":\"https:\/\/mau1.hoabinhweb.com\/quatang1\/\"},{\"@type\":\"ListItem\",\"position\":2,\"name\":\"Th\u00e0nh t\u00edch n\u1ed5i b\u1eadt\"}]},{\"@type\":\"WebSite\",\"@id\":\"https:\/\/mau1.hoabinhweb.com\/quatang1\/#website\",\"url\":\"https:\/\/mau1.hoabinhweb.com\/quatang1\/\",\"name\":\"V\u1ee5n Art\",\"description\":\"\",\"potentialAction\":[{\"@type\":\"SearchAction\",\"target\":{\"@type\":\"EntryPoint\",\"urlTemplate\":\"https:\/\/mau1.hoabinhweb.com\/quatang1\/?s={search_term_string}\"},\"query-input\":\"required name=search_term_string\"}],\"inLanguage\":\"vi\"}]}<\/script>\n<!-- \/ Yoast SEO plugin. -->","yoast_head_json":{"title":"Th\u00e0nh t\u00edch n\u1ed5i b\u1eadt - V\u1ee5n Art","robots":{"index":"noindex","follow":"follow","max-snippet":"max-snippet:-1","max-image-preview":"max-image-preview:large","max-video-preview":"max-video-preview:-1"},"og_locale":"vi_VN","og_type":"article","og_title":"Th\u00e0nh t\u00edch n\u1ed5i b\u1eadt - V\u1ee5n Art","og_description":"Sau 5 n\u0103m h\u00ecnh th\u00e0nh v\u00e0 ph\u00e1t tri\u1ec3n, v\u1edbi t\u01b0 duy s\u00e1ng t\u1ea1o v\u00e0 n\u1ed7 l\u1ef1c kh\u00f4ng ng\u1eebng, V\u1ee5n Art\u00a0\u0111\u00e3 b\u00e1n h\u00e0ng ch\u1ee5c ngh\u00ecn s\u1ea3n ph\u1ea9m, bao g\u1ed3m t\u00fai tote, \u00e1o s\u01a1 mi v\u00e0 tranh \u1ea3nh cho kh\u00e1ch h\u00e0ng c\u00e1 nh\u00e2n c\u0169ng nh\u01b0 c\u00e1c doanh nghi\u1ec7p v\u00e0 t\u1ed5 ch\u1ee9c l\u1edbn, bao g\u1ed3m: \u0110\u1ea1i s\u1ee9 qu\u00e1n","og_url":"https:\/\/mau1.hoabinhweb.com\/quatang1\/thanh-tich-noi-bat\/","og_site_name":"V\u1ee5n Art","og_image":[{"url":"http:\/\/mau1.hoabinhweb.com\/quatang1\/wp-content\/uploads\/2024\/01\/ttnb.jpg"}],"twitter_card":"summary_large_image","twitter_misc":{"\u01af\u1edbc t\u00ednh th\u1eddi gian \u0111\u1ecdc":"1 ph\u00fat"},"schema":{"@context":"https:\/\/schema.org","@graph":[{"@type":"WebPage","@id":"https:\/\/mau1.hoabinhweb.com\/quatang1\/thanh-tich-noi-bat\/","url":"https:\/\/mau1.hoabinhweb.com\/quatang1\/thanh-tich-noi-bat\/","name":"Th\u00e0nh t\u00edch n\u1ed5i b\u1eadt - V\u1ee5n Art","isPartOf":{"@id":"https:\/\/mau1.hoabinhweb.com\/quatang1\/#website"},"datePublished":"2024-01-09T07:39:38+00:00","dateModified":"2024-01-09T07:39:38+00:00","breadcrumb":{"@id":"https:\/\/mau1.hoabinhweb.com\/quatang1\/thanh-tich-noi-bat\/#breadcrumb"},"inLanguage":"vi","potentialAction":[{"@type":"ReadAction","target":["https:\/\/mau1.hoabinhweb.com\/quatang1\/thanh-tich-noi-bat\/"]}]},{"@type":"BreadcrumbList","@id":"https:\/\/mau1.hoabinhweb.com\/quatang1\/thanh-tich-noi-bat\/#breadcrumb","itemListElement":[{"@type":"ListItem","position":1,"name":"Trang ch\u1ee7","item":"https:\/\/mau1.hoabinhweb.com\/quatang1\/"},{"@type":"ListItem","position":2,"name":"Th\u00e0nh t\u00edch n\u1ed5i b\u1eadt"}]},{"@type":"WebSite","@id":"https:\/\/mau1.hoabinhweb.com\/quatang1\/#website","url":"https:\/\/mau1.hoabinhweb.com\/quatang1\/","name":"V\u1ee5n Art","description":"","potentialAction":[{"@type":"SearchAction","target":{"@type":"EntryPoint","urlTemplate":"https:\/\/mau1.hoabinhweb.com\/quatang1\/?s={search_term_string}"},"query-input":"required name=search_term_string"}],"inLanguage":"vi"}]}},"_links":{"self":[{"href":"https:\/\/mau1.hoabinhweb.com\/quatang1\/wp-json\/wp\/v2\/pages\/107","targetHints":{"allow":["GET"]}}],"collection":[{"href":"https:\/\/mau1.hoabinhweb.com\/quatang1\/wp-json\/wp\/v2\/pages"}],"about":[{"href":"https:\/\/mau1.hoabinhweb.com\/quatang1\/wp-json\/wp\/v2\/types\/page"}],"author":[{"embeddable":true,"href":"https:\/\/mau1.hoabinhweb.com\/quatang1\/wp-json\/wp\/v2\/users\/1"}],"replies":[{"embeddable":true,"href":"https:\/\/mau1.hoabinhweb.com\/quatang1\/wp-json\/wp\/v2\/comments?post=107"}],"version-history":[{"count":1,"href":"https:\/\/mau1.hoabinhweb.com\/quatang1\/wp-json\/wp\/v2\/pages\/107\/revisions"}],"predecessor-version":[{"id":112,"href":"https:\/\/mau1.hoabinhweb.com\/quatang1\/wp-json\/wp\/v2\/pages\/107\/revisions\/112"}],"wp:attachment":[{"href":"https:\/\/mau1.hoabinhweb.com\/quatang1\/wp-json\/wp\/v2\/media?parent=107"}],"curies":[{"name":"wp","href":"https:\/\/api.w.org\/{rel}","templated":true}]}}